44/10 - 3/(-5). Let b = 21 - o. Let k(a) = -a**3 + 7*a**2 - a. What is the remainder when k(b) is divided by 8?
6
Suppose -12*g = -14*g + 36. Suppose 0 = b - g - 49. Calculate the remainder when b is divided by 17.
16
Let o = -254 + 273. Calculate the remainder when 22 is divided by o.
3
Let a = 59 + -104. What is the remainder when ((-18)/a)/((-1)/(-75)) is divided by 8?
6
Let o(d) = -2*d**3 - 7*d**2 + 3*d + 1. Let g be o(-4). Suppose 0 = -z + 3*y + 28, 0 = -g*z - 2*y + 108 - 2. Calculate the remainder when 85 is divided by z.
19
Let y = 155 + -148. What is the remainder when y is divided by 4?
3
Let d = 364 + -357. What is the remainder when 144 is divided by d?
4
Suppose -2*t + t = -4. Let z(u) = -3*u**2 + 3. Let k be z(3). Let o = k + 27. What is the remainder when t is divided by o?
1
Suppose 0 = 2*w - 83 - 27. Calculate the remainder when 200 is divided by w.
35
Let w = -1262 - -1276. Calculate the remainder when 167 is divided by w.
13
Let p(k) = -3*k**3 - 34*k**2 - 13*k + 12. What is the remainder when 129 is divided by p(-11)?
27
Suppose 2*j = 5 + 15. What is the remainder when 14 is divided by j/(6*1/3)?
4
Calculate the remainder when -12*(-375)/20 + 8 is divided by 37.
11
Let a(f) = f**3 + 7*f**2 - 3*f - 6. Let c = -2 - 58. Let d = 80 + c. Calculate the remainder when a(-5) is divided by d.
19
Suppose -4*c = -7 + 3. Let g(k) = 21*k**3 + 1. Calculate the remainder when g(c) is divided by 6.
4
Suppose 4*d + 192 = 5*j, 2*j + 37*d - 40*d = 81. What is the remainder when j is divided by 8?
4
Let n(h) = -h + 6. Let z be n(6). Let u = -6 + z. Let c(l) = l**2 + 5*l + 3. Calculate the remainder when c(u) is divided by 3.
0
Suppose -105*f + 103*f + 356 = 0. What is the remainder when f is divided by 32?
18
Let g be ((-50)/(-4))/((-4)/(-8)). Suppose 29*h = g*h + 20. What is the remainder when 14 is divided by h?
4
Let l(s) = s**2 + 23 + 6*s - 19 - 17. What is the remainder when l(4) is divided by 11?
5
Suppose t - 26 - 7 = 0. Suppose 3*h = z + 32, 0 = -5*h + 3*z + 33 + 27. What is the remainder when t is divided by h?
6
What is the remainder when 227 is divided by 65/(-10) + 8 + (-45)/(-10)?
5
Suppose 5*t = g - 63, 3*t - g + 2*g + 33 = 0. What is the remainder when -4*(-20)/t*-3 is divided by (4/(-8))/((-1)/24)?
8
Let k(t) = -11*t + 4. Let u(a) = 10*a - 3. Let r(g) = 6*k(g) + 7*u(g). Let c = 68 + -39. Calculate the remainder when c is divided by r(3).
14
Let c = 18 + 52. Calculate the remainder when 29 is divided by ((-336)/c)/((-3)/10).
13
Suppose 2*p - x = 71, -3*p - 7*x + 3*x = -101. Calculate the remainder when p is divided by 12.
11
Suppose 62 = 5*h + 3*s, 0*s - 4*s = -16. Let v(i) = h*i + 1 - 2 - 7*i + 10*i. Calculate the remainder when v(3) is divided by 14.
10
Let d = 758 + -749. What is the remainder when 104 is divided by d?
5
Let l(q) = -3*q + 50. Calculate the remainder when l(-22) is divided by 9.
8
Let j = -12 - -17. Suppose 3*k - j*k = 8, 0 = -2*c - 4*k - 38. Let g = c - -21. What is the remainder when 27 is divided by g?
7
Suppose -95*z + 96*z - 4 = 0, 3*t = 2*z + 208. What is the remainder when 280 is divided by t?
64
Let r = 98 - 96. Calculate the remainder when 16 is divided by r.
0
What is the remainder when (-5865)/(-11) + (-50)/275 is divided by 108?
101
Suppose 18*g = 632 + 3256. What is the remainder when g is divided by 28?
20
Suppose 10*r - 576 = 5*r + 3*h, -2*r = 4*h - 246. Calculate the remainder when 577 is divided by r.
109
Suppose 4*n - s - 61 = 0, -10*n + 4*s + 19 = -9*n. What is the remainder when 838 is divided by n?
13
Let z = 1213 + -425. What is the remainder when z is divided by 10?
8
Suppose -3132 = -27*c + 18*c. Calculate the remainder when c is divided by 19.
6
Suppose i = -r - 4*r + 83, 0 = 4*i + r - 313. Let q = 85 - i. Calculate the remainder when 9 is divided by q.
2
Let k = 15 + -1. Suppose 44 = -5*h + k. What is the remainder when 33 is divided by -2*h*(-12)/(-16)?
6
Suppose 17*o = 12*o + 10. Suppose o*a = 49 + 3. Calculate the remainder when -50*2/((-6)/3) is divided by a.
24
Let r be 4/10 - (3 - (-38)/(-5)). Suppose -2*h - a + 15 = -61, -r*h + 5*a = -175. Suppose 3*v - 2 = 55. Calculate the remainder when h is divided by v.
18
Let f be (-30)/(-9)*(-12)/5. Let w(j) = 5*j - 9. Let u be w(f). Let a = 74 + u. Calculate the remainder when a is divided by 7.
4
Suppose 2*p + 3*p = 5*w + 645, 4*p - 516 = w. Calculate the remainder when p is divided by 85.
44
Let o(z) = 400*z**2 + 3*z + 5. Calculate the remainder when o(-1) is divided by 15.
12
Let j(x) = -x**3 + 7*x**2 + 19*x - 2. Let v be 5/15*6 + 7. What is the remainder when 15 is divided by j(v)?
1
Let z = -507 + 525. What is the remainder when 141 is divided by z?
15
Suppose c = j - 4*j - 91, 5*j = -5*c - 475. Let d = 110 + c. What is the remainder when 25 is divided by d?
12
Suppose -9*m + 411 = 330. Suppose q + 109 = 5*p, 0 = -2*p + 3*p + 2*q - 24. Calculate the remainder when p is divided by m.
4
Suppose 54*d = 59*d - 575. Suppose 21 = l - 4*w + 5*w, 0 = -5*l - 3*w + d. Calculate the remainder when 76 is divided by l.
24
Calculate the remainder when 600 is divided by 8194/255 + 2/(-15).
24
Suppose 3*s + 3*r = 24, 2*s + 3*r = -3*s + 38. Let u = -78 + 76. Calculate the remainder when u/15 - (-816)/45 is divided by s.
4
Let t be 0 - 6/(-33) - (-326)/22. Suppose -249 = -t*g - 69. Calculate the remainder when 46 is divided by g.
10
Suppose -17*p - 5*d + 211 = -15*p, -3*p + 328 = -4*d. What is the remainder when p is divided by 30?
18
Suppose 0 = -2*u + 19 + 85. Let s = 3 - 3. Suppose s*y + 2*y - 36 = 0. Calculate the remainder when u is divided by y.
16
Suppose -315 = -5*i - 4*i. Calculate the remainder when i is divided by 6.
5
Let b(j) be the first derivative of -j**4/4 - 11*j**3/3 + 3*j**2 - 6*j - 10. What is the remainder when b(-12) is divided by 24?
18
Suppose -4*n = -5*o + 52 + 54, 5*o + 97 = -3*n. Let g = -12 - n. Let w(i) = -6*i + 41. What is the remainder when g is divided by w(6)?
2
Calculate the remainder when 407 is divided by 10336/306 - 4/(-18).
33
Suppose 18 = -t - t. Let p = t + 23. Suppose 0*k + 8 = 4*k, h + 4*k - p = 0. Calculate the remainder when 16 is divided by h.
4
Let x(d) = d**3 + 6*d**2 + 3*d - 5. Let h = 1 - 7. Let r = -11 - h. What is the remainder when 13 is divided by x(r)?
3
Let b(h) = -h + 6. Let w be b(-19). Let d(q) = 2*q - 28. Calculate the remainder when 63 is divided by d(w).
19
Let y(o) = 2*o + 70. What is the remainder when 343 is divided by y(-6)?
53
Suppose -5*v + 2*f = -62, 2*f = -0*v + 3*v - 34. Suppose l + 9 + 0 = 2*u, -5*u = 5*l + 45. Let x = 14 + l. What is the remainder when v is divided by x?
4
Suppose -5*c = 5*i - 28 + 8, 2*i - c = -4. Suppose 3*y = p - 9, i = -2*p + p - 3. Calculate the remainder when 20 is divided by (-3)/4*-4 - y.
6
Suppose 0 = -5*k - 684 + 2779. What is the remainder when k is divided by 3?
2
Suppose -5*g - 14*x = -10*x - 39, 2*g - 4*x = 10. Suppose t + 16 = -3*t. Let n = 6 + t. What is the remainder when g is divided by n?
1
Let i(z) = -3*z + 49. Let n be i(-7). Suppose -2*l = -5*v + 180 + n, -3*l = -5*v + 255. Calculate the remainder when v is divided by 17.
14
Let z(o) = -o. Suppose 2*p = -2 - 0. Let k be z(p). Let g = k + 14. Calculate the remainder when g is divided by 4.
3
Let y(a) = a**3 - 4*a**2 + a + 1. Let b be y(4). Suppose 184 - 44 = b*k. Let m = 52 - k. What is the remainder when m is divided by 7?
3
Let c = 1879 + -1852. Calculate the remainder when 40 is divided by c.
13
Let l = 605 + -594. Suppose -5 = h + 2*k, -3*h - 5 = 5*k + 8. Calculate the remainder when (-40)/h + 2/2 is divided by l.
8
Let p be 110 + (-4 - -2) + 0. Suppose -176 = -4*x + 4*t, 3*x - p = -10*t + 5*t. Calculate the remainder when 162 is divided by x.
39
Suppose -28 + 4 = 4*a. Let m(c) = -5*c - 6. Let k(h) = -10*h - 12. Let f(b) = 3*k(b) - 5*m(b). Calculate the remainder when f(a) is divided by 9.
6
Suppose 3 = -7*k + 8*k. Suppose 12 - 3 = k*t. Let x(s) = 10*s**3. Calculate the remainder when x(1) is divided by t.
1
Suppose 6*l = 283 - 49. Calculate the remainder when 1324 is divided by l.
37
Suppose 2*p + w + 35 = 3*p, 4*p = 5*w + 138. Calculate the remainder when 258 is divided by p.
36
Let z(w) = -1. Let m(y) = 3*y + 22. Let v(t) = m(t) + 3*z(t). What is the remainder when v(-5) is divided